termine c(32).
65
Let d(i) = 3*i**2 - 17*i - 137. Calculate d(0).
-137
Let x(p) = 4*p**2 - 34*p - 10. Calculate x(7).
-52
Let p(z) = -z**2 - 3*z + 240. Determine p(14).
2
Let l(c) = -c**3 - 17*c**2 - 52*c + 26. Determine l(-13).
26
Let o(m) = m**3 + 16*m**2 + 63*m + 18. Calculate o(-6).
0
Let y(t) = 209*t - 2920. What is y(14)?
6
Let h(g) = g**2 + 84*g + 1032. Determine h(-15).
-3
Let s(q) = q**3 + 15*q**2 + 86*q + 172. What is s(-5)?
-8
Let x(m) = m**3 - 200*m**2 - 6385*m + 209. Determine x(228).
-19
Let d(v) = 2*v**3 + 12*v**2 - 185*v - 27. Calculate d(-13).
12
Let r(g) = 15*g + 844. Determine r(-53).
49
Let f(o) = o**2 + 39*o - 4. Give f(-41).
78
Let h(i) = 973*i + 2928. Determine h(-3).
9
Let n(r) = -1125*r - 10139. What is n(-9)?
-14
Let q(i) = i**2 - 12*i - 94. Calculate q(-6).
14
Let j(r) = -r**3 - 14*r**2 - 41*r - 1. What is j(-8)?
-57
Let k(z) = 5*z**3 - 3*z**2 + 40*z - 19. What is k(5)?
731
Let b(r) = 9*r - 13. Determine b(12).
95
Let h(o) = o**2 - 116*o + 2688. Give h(32).
0
Let s(m) = -16*m**3 - 28*m**2 + 2. Determine s(-2).
18
Let m(q) = -56*q + 1698. Calculate m(34).
-206
Let w(t) = 7*t**2 + t + 38. Calculate w(-6).
284
Let s(w) = w**2 + 38*w - 1770. Calculate s(27).
-15
Let g(b) = 3999*b + 31991. What is g(-8)?
-1
Let w(m) = 43*m - 13. Calculate w(0).
-13
Let c(g) = g**3 - 46*g**2 + 300*g + 176. Determine c(38).
24
Let t(c) = 187*c**2 + 193*c - 1. Calculate t(-1).
-7
Let o(q) = -37*q - 1400. Calculate o(-34).
-142
Let i(n) = -2*n**2 - 5*n + 370. Give i(13).
-33
Let w(y) = y**2 - 35*y + 144. Give w(24).
-120
Let j(n) = 117*n + 1279. Give j(-11).
-8
Let i(t) = 976*t + 56612. Give i(-58).
4
Let u(m) = -2*m**2 + 69*m - 159. Determine u(37).
-344
Let t(y) = -126*y**2 - 683*y - 19. What is t(-6)?
-457
Let k(o) = o**2 - 12*o - 16. Give k(5).
-51
Let m(k) = -106*k - 424. What is m(-4)?
0
Let a(j) = 12*j - 874. Determine a(72).
-10
Let o(a) = -a**3 + 10*a**2 - 14*a - 28. Give o(7).
21
Let t(i) = 2*i**2 + 29*i + 110. Calculate t(-19).
281
Let i(c) = -5*c**2 - 96*c - 113. Calculate i(-14).
251
Let y(n) = -23*n**2 + 1203*n - 359. What is y(52)?
5
Let m(j) = -2*j**3 - 15*j**2 + 19*j + 79. Give m(-8).
-9
Let t(k) = -5*k**2 - 219*k - 1102. Calculate t(-38).
0
Let s(c) = -142*c - 1171. Determine s(-8).
-35
Let n(z) = -z**2 + 105*z + 1256. What is n(-11)?
-20
Let n(y) = 11*y**2 + 63*y - 1. Determine n(-4).
-77
Let l(n) = 2*n**3 + 25*n**2 + 18*n - 7. Determine l(-1).
-2
Let j(t) = -826*t - 864. Give j(-1).
-38
Let l(f) = 2*f - 95. Calculate l(19).
-57
Let c(k) = k**2 + 887*k - 68014. Calculate c(71).
4
Let k(f) = -3*f**2 - 194*f + 219. Calculate k(-67).
-250
Let p(t) = t**3 + 6*t**2 + 5*t + 116. What is p(-10)?
-334
Let s(x) = -2*x**2 - 44*x - 32. What is s(-18)?
112
Let p(l) = -27*l - 258. Calculate p(-10).
12
Let u(p) = p**3 + 24*p**2 - 8*p + 1152. Determine u(-26).
8
Let t(q) = -q**2 + 28*q + 89. Give t(-4).
-39
Let m(q) = -14*q - 979. What is m(-70)?
1
Let y(b) = -b**3 - 26*b**2 - 53*b - 125. Calculate y(-24).
-5
Let t(l) = 105*l + 7557. Calculate t(-72).
-3
Let j(h) = -2*h**3 + 36*h**2 - 150*h - 103. Give j(10).
-3
Let w(g) = 7*g**2 + 4*g + 3. Calculate w(4).
131
Let f(b) = 69*b - 455. What is f(9)?
166
Let a(b) = 169*b**2 - 43*b + 76. What is a(2)?
666
Let b(u) = u**3 - 18*u**2 - 10. What is b(18)?
-10
Let r(t) = 10*t**3 - 7*t + 7. Give r(1).
10
Let v(h) = 7*h - 157. Determine v(8).
-101
Let k(g) = 11*g**2 + 24*g - 5. Determine k(3).
166
Let v(z) = 12*z**2 + 2315*z - 9644. Determine v(-197).
9
Let l(t) = -t**2 + 126*t - 3411. Give l(88).
-67
Let y(a) = 2*a - 5. Give y(33).
61
Let h(w) = -w**3 - 2*w**2 - 15*w - 26. Give h(-2).
4
Let l(n) = 177*n + 708. Calculate l(-4).
0
Let n(p) = p**3 + 50*p**2 - 156*p + 219. Determine n(-53).
60
Let m(b) = -133*b - 4925. Give m(-37).
-4
Let l(i) = 87*i - 2432. Determine l(28).
4
Let n(b) = b**3 - 3*b**2 + 20*b - 111. Determine n(6).
117
Let n(f) = -420*f + 1869. Calculate n(5).
-231
Let h(i) = 1233*i**2 + 64*i + 67. Determine h(-1).
1236
Let b(j) = -j**3 - 19*j**2 - 17*j - 1099. Calculate b(-21).
140
Let t(f) = 143*f + 24459. Calculate t(-171).
6
Let n(v) = v**2 + 208*v + 1785. Determine n(-9).
-6
Let c(k) = k**2 - 188*k + 1270. What is c(181)?
3
Let t(z) = -z**3 - 68*z**2 + 1753*z + 141. Give t(20).
1
Let b(u) = -4*u**2 + 5*u - 15. What is b(5)?
-90
Let x(a) = -6*a**2 - 29*a - 65. Determine x(-2).
-31
Let f(p) = -p**3 - 7*p**2 + 9*p - 14. Give f(-7).
-77
Let n(l) = -50*l**3 - 5*l**2 - 12*l - 3. Give n(-2).
401
Let j(l) = -l**3 - 77*l**2 - 176*l - 13547. Determine j(-77).
5
Let x(j) = -j**2 + 37*j - 337. Give x(0).
-337
Let h(s) = s**3 - 58*s**2 - 316*s + 11. What is h(-5)?
16
Let n(x) = 4*x**2 - 11*x - 329. What is n(12)?
115
Let z(v) = -83*v - 91. Give z(8).
-755
Let j(y) = -4*y**2 - 357*y + 2688. Give j(7).
-7
Let g(c) = -2*c**2 - 193*c + 1788. What is g(-105)?
3
Let d(f) = f**2 + 4*f - 1631. Give d(38).
-35
Let o(k) = k**3 - 19*k**2 - 41*k - 8. Give o(21).
13
Let y(w) = -4*w**2 + 12*w + 114. Determine y(-5).
-46
Let i(b) = -b**2 + 21*b - 119. Give i(23).
-165
Let x(j) = 3886*j - 11672. Calculate x(3).
-14
Let i(h) = -10*h**3 - 515*h**2 - 256*h - 61. Calculate i(-51).
-10
Let l(n) = -3*n**2 - 101*n - 759. Calculate l(-7).
-199
Let s(o) = 60*o - 820. What is s(14)?
20
Let a(o) = -o**3 + 42*o**2 - 301*o + 137. Determine a(33).
5
Let z(g) = 143*g - 1590. Calculate z(11).
-17
Let t(f) = 17*f + 1311. Give t(-68).
155
Let l(u) = u**3 - u**2 - 16*u + 2. What is l(5)?
22
Let w(s) = s**3 + 56*s**2 - 25*s + 1199. Calculate w(-57).
-625
Let z(f) = -2017*f - 10081. Give z(-5).
4
Let k(f) = f**3 - 28*f - 90. Determine k(-5).
-75
Let i(h) = 87*h - 226. Give i(3).
35
Let i(h) = -38*h**2 + 1607*h - 459. Give i(42).
3
Let y(x) = 4*x**2 + 163*x - 221. What is y(-42)?
-11
Let w(n) = 166*n + 166. Give w(-4).
-498
Let g(b) = b**3 - 57*b**2 + 112*b - 70. Calculate g(55).
40
Let t(h) = 2*h**2 + 457*h + 2452. Calculate t(-223).
-1
Let k(m) = -m**2 + 3*m + 1671. What is k(42)?
33
Let y(n) = -3*n**3 - 87*n**2 + 754*n - 59. Determine y(-36).
13
Let n(c) = c**2 + 1040*c + 5157. Determine n(-5).
-18
Let b(a) = 11*a**2 + 729*a + 111. Calculate b(-66).
-87
Let h(r) = -2*r**3 - 99*r**2 + 648*r - 7. What is h(6)?
-115
Let h(k) = -k**2 + 54*k - 666. What is h(20)?
14
Let i(d) = -d**3 - 69*d**2 + 72*d + 171. Give i(-70).
31
Let u(s) = 226*s - 36861. Give u(163).
-23
Let r(u) = -63*u + 189. Give r(3).
0
Let f(a) = 69*a**2 - 418*a + 19. Give f(6).
-5
Let k(l) = -215*l - 1070. What is k(-5)?
5
Let c(r) = -r**3 - 21*r**2 - 51*r + 49. Give c(-18).
-5
Let p(o) = -3*o**3 + 50*o**2 + 14*o + 17. What is p(17)?
-34
Let b(l) = 3*l**2 + 38*l + 222. Determine b(-8).
110
Let x(p) = -p**2 - 77*p - 433. What is x(-6)?
-7
Let r(v) = v**2 - 15*v + 71. Give r(16).
87
Let g(y) = -141*y + 836. Give g(6).
-10
Let t(k) = -5378*k + 37661. Calculate t(7).
15
Let g(d) = -7*d**2 + 49*d + 31. What is g(9)?
-95
Let a(h) = 333*h - 1175. What is a(3)?
-176
Let n(k) = 2*k**3 - 2*k**2 + 3*k - 15. What is n(3)?
30
Let x(f) = -10*f**2 + 22*f - 69. Determine x(-3).
-225
Let o(j) = j**3 - 10*j**2 + 3*j - 12. Determine o(7).
-138
Let u(z) = 240*z - 251. Calculate u(4).
709
Let t(d) = -573*d + 15453. Determine t(27).
-18
Let a(x) = 5*x**2 - 63*x + 25. Give a(13).
51
Let q(z) = 159*z + 3667. What is q(-23)?
10
Let r(j) = j**3 + 14*j**2 + 19*j + 3. What is r(-12)?
63
Let x(f) = -32*f**3 - 224*f**2 - 16*f - 56. Give x(-7).
56
Let v(m) = -2*m**3 - 111*m**2 - 272*m - 369. What is v(-53)?
2
Let c(f) = -21*f**2 + 110*f - 45. Calculate c(5).
-20
Let h(i) = -11*i**2 - 203*i - 932. Calculate h(-5).
-192
Let d(n) = -213*n + 3614. Determine d(17).
-7
Let b(j) = j**3 + 11*j**2 + 23*j + 36. Calculate b(-8).
44
Let i(f) = -2*f + 18. Calculate i(7).
4
Let v(z) = -62*z + 1. Determine v(-1).
63
Let j(f) = -4*f**2 - f + 5. Determine j(-5).
-90
Let i(c) = c**3 - 31*c**2 + 182*c + 51. Determine i(23).
5
Let u(t) = t**3 + 18*t**2 + 52*t - 1. What is u(-4)?
15
Let v(t) = -t**2 + 74*t - 877. Give v(15).
8
Let r(n) = 5*n**2 + 168*n + 103. Determine r(-33).
4
Let f(b) = -b**3 + 43*b**2 + 183*b - 18. Calculate f(-4).
2
Let l(q) = -9*q**3 - 6*q**2 + q + 14. Give l(-3).
200
Let j(s) = s**3 - s**2 - 600*s + 1807. Calculate j(3).
25
Let z(t) = t**3 + 28*t**2 - 293*t - 101. What is z(-36)?
79
Let j(n)